 11*j(o) - 2*z(o). Let t = 97 + -108. Determine l(t).
8
Let i(x) be the third derivative of x**5/60 - x**4/6 - x**3/3 + 55*x**2 - 9*x. Let b be (0/(-2))/(-3) - -3. Suppose b*q + 0 - 7 = 2*k, 5*q = 25. Determine i(k).
-2
Let p(h) = -57*h**3 - 29*h**2 - 29*h + 5. Let d(c) = 64*c**3 + 30*c**2 + 30*c - 5. Let g(m) = -8*d(m) - 9*p(m). Calculate g(-20).
-25
Let n(d) = -2*d**2 - 2*d + 38. Let i = -19798 + 19792. Calculate n(i).
-22
Let v(r) = r**2 + 4*r. Suppose p - 5 = 0, 0 = -2*b - 5*p - 0*p + 319. Let a = b + -153. Determine v(a).
12
Let j(v) be the third derivative of -v**5/60 - v**4 + 50*v**3/3 - 4*v**2 - 2. Give j(-28).
-12
Let h be 28/(-3)*234/(-312). Let l(f) = -7*f + 37. Give l(h).
-12
Let f(j) = -21*j - 43. Let k(y) = 11*y + 22. Let l(h) = -6*f(h) - 11*k(h). Let t(d) = -3*d - 14. Let b(q) = -2*l(q) - 3*t(q). Calculate b(10).
0
Let u(q) = q**3 - 19*q**2 + 23*q - 53. Let p be u(20). Let k = p + -811. Let s(d) = -d + 4. Give s(k).
8
Let r(f) = 3*f**2 - 88835 - f**3 + 8*f + 88831 + 4*f**2. Calculate r(8).
-4
Let c = -31 + 33. Let z be 4 - (7/3 + c/(-6)). Let v(n) = 4*n + 3*n**z - 9*n**2 + 76 - n**3 - 80 + 2*n**3. Determine v(6).
20
Let z(d) = -d + 0*d**2 - 2*d**2 + 0*d**3 + 4*d**2 - d**3. Suppose -10 = -o - 4*x, 0 = 48*x - 44*x - 12. Give z(o).
18
Let o(k) = k**3 - 13*k**2 + 14*k - 19. Let m(t) = -t**2 + 15*t - 14. Let v be m(13). Let u be o(v). Let h(q) = u*q + q**2 - 3*q - q - 2 + 1. What is h(1)?
1
Suppose 0 = -2*s + 2*m + 718, -s + 94 = 3*m - 257. Let w = s + -359. Let l(i) = 7*i + 15. Let y(b) = -4*b - 8. Let a(x) = -6*l(x) - 11*y(x). Calculate a(w).
-6
Let c = -44 - -36. Let x be -1 + (c - -3) + 5. Let y(u) = 20*u**3 - 4*u + 1. Let v(t) = 19*t**3 - 3*t + 1. Let s(a) = -5*v(a) + 4*y(a). What is s(x)?
15
Let w(u) = -24*u - 52. Let k be w(-5). Let g(b) = b + 6*b**2 - 67*b**3 + k*b**3 + 5 - 5*b**2 + 6*b**2. Give g(-7).
-2
Suppose -4816 + 4714 = 51*o. Let d(c) = 13*c**2 + 10*c + 19. Give d(o).
51
Let g = -34 - -68. Suppose g = 4*u + 26. Let r(w) = 3*w**2. What is r(u)?
12
Suppose -2*p + 30 = 2*s + s, -5*p = -3*s - 33. Let k = -15 + p. Let c be 3 - (k - -2 - -3). Let h(j) = -j**3 + 5*j**2 - 4*j + 4. Give h(c).
4
Let k be (-4)/(-3) - (35/15 - 4). Let w(h) = 1052 - 526 - k*h - 525. Calculate w(4).
-11
Let a(o) = -274 - 322 + 2*o + 592. Let x(m) = 0*m + 0*m - 2 + m. Let q be x(6). What is a(q)?
4
Let n = 58 - 56. Suppose 0 = -2*f - 5*w, 3*f - n*w = -0*w. Let h be (-1 - 1 - (-3 - f))*-1. Let o(v) = 3*v**2 + v. Give o(h).
2
Let p = 16 - -15. Suppose 0 = 3*b + 2*u - 15 - 3, -4*b - 5*u + p = 0. Let t(c) = c**2 - 118 + 2*c - 5*c - 120 + 240 + 2*c. What is t(b)?
14
Let u(a) = -14 + 7420*a - 3718*a - a**2 - 3712*a. What is u(-7)?
7
Let p(d) be the second derivative of d**3/3 + 3*d**2/2 - 102*d + 2. Let c = -8 + 10. What is p(c)?
7
Let o(u) = -u**3 - 4*u**2 + 4*u + 2. Let s(n) = -n**3 + 11*n**2 + 151*n - 12. Let k be s(-8). Calculate o(k).
-14
Let j = 1708 + -1717. Let z(m) = -m**3 - 9*m**2 - 6*m + 1. Determine z(j).
55
Suppose -7*m = 7*m - 170 - 152. Let t(q) = q**2 - 22*q + 5. Calculate t(m).
28
Let d(c) be the second derivative of c**5/20 - 5*c**4/4 + 37*c**3/6 - 6*c**2 - 6670*c. Determine d(12).
0
Let m be (20/90)/(12/216). Let l(g) be the third derivative of 1/120*g**6 - 5/6*g**3 + 1/12*g**m - 13*g**2 + 0 + 1/10*g**5 + 0*g. Give l(-4).
19
Let y(h) be the first derivative of 10*h**2 - 71*h + 99. Let r be y(3). Let d(z) = -z**3 - 11*z**2 - z - 7. Give d(r).
4
Suppose 4*v + 4 = -o, -o + 0*o - 4 = v. Let k(x) = x + 20. Determine k(v).
20
Let y(j) = -j**2 + 2*j + 62. Suppose 29*v = -7*v. Calculate y(v).
62
Let a(r) = -r**3 + 4*r**2 - 3*r + 2. Let c be a(3). Suppose -3*f + 1 = -c*f. Let l(b) = 51*b - 16. Let m(o) = -41*o + 13. Let p(h) = 4*l(h) + 5*m(h). Give p(f).
0
Let c(y) = -2*y**2 - 9*y + 6. Suppose -5*b - 37 = 3*p, -5*b + 577 = -3*p + 590. Determine c(b).
1
Let x(z) = -3*z**3 - 6*z**2 - z - 9. Let b be x(-3). Let j(m) = 5*m - 72*m - b + 62*m. Calculate j(-5).
4
Let n(t) = -20*t**2 + 8*t - 7. Let c(i) = -26*i**2 + 8*i - 7. Let h(f) = 3*c(f) - 4*n(f). Let k = 3 + 2. Give h(k).
17
Let h(v) = -v**2 + 7*v - 4. Let w be h(6). Suppose d + w = -0*d. Let a(i) = -14*i + 40. Let p(j) = 27*j - 73. Let m(c) = 11*a(c) + 6*p(c). Give m(d).
-14
Let z(n) = 543 - 280 - 275 + 8*n. Calculate z(2).
4
Let c(q) = q**2 + 12*q - 5. Let u(s) = -2*s - 2. Let g(h) = -c(h) - 4*u(h). Give g(-6).
1
Suppose 4*w - 3*v + 48 = -4, -4*w - v = 36. Let l(t) = -5*t - 1. Let m(y) = -6*y - 2. Let a(f) = -5*l(f) + 4*m(f). Determine a(w).
-13
Let o(w) = -5*w + 12. Suppose u - 35 = 5*h, -106*u + 39 = -4*h - 103*u. Give o(h).
42
Let n(m) = m**3 + 9*m**2 - 11*m - 6. Let b = -231 + 237. Suppose 4 + b = h - 5*d, 4*h = -d - 44. Determine n(h).
4
Let n(y) = 4*y - 95. Let d be n(30). Let k be (-3 - -1)/(85/d + -3). Let q(h) = h**3 + 4*h**2 - 5*h + 4. What is q(k)?
4
Let n(i) be the third derivative of -i**5/20 + 7*i**4/8 + 5*i**3/6 - 18*i**2 - 18*i + 2. Determine n(7).
5
Let r(b) = 11*b - 25. Let h(f) = -4*f + 13. Let i(n) = -7*h(n) - 3*r(n). Determine i(5).
-41
Let l(y) = 43*y - 2. Let i(b) = -13*b - 8 + 4 - 2*b + 5. Let m(w) = -8*i(w) - 3*l(w). Let o(c) = 8*c + 1. Let t(n) = -5*m(n) - 6*o(n). Calculate t(-3).
13
Let i(k) = k**2 - 42*k - 588. Suppose 3*a - 50 = 4*o, 0 = 7*o - 5*o - 5*a + 32. Give i(o).
-5
Let c(j) = j**3 - 10*j**2 + 9*j + 4. Let y(w) = 13 - w + 0*w + 12 - 8 + 10. Let l = -22 - -40. Let i be y(l). Give c(i).
4
Let x(i) be the third derivative of -5*i**4/24 - 8*i**3/3 + 287*i**2 - 4*i - 1. Determine x(10).
-66
Let t(q) = -q + 1. Let d be t(1). Let s(u) be the second derivative of 1/12*u**4 - 6*u + 7*u**2 + 0*u**3 - 1. Determine s(d).
14
Let d(u) = 4*u**3 + 28*u**2 - 15*u - 10. Let q(z) = -5*z**3 - 32*z**2 + 14*z + 7. Let w(t) = -4*d(t) - 3*q(t). What is w(-17)?
2
Let l(z) be the third derivative of 0 - 1/30*z**5 + 0*z**4 + 166*z**2 + 0*z - 1/3*z**3. Give l(2).
-10
Let x = -3 - -3. Let c(z) = 63*z + 7. Let g(v) = 16*v + 2. Let q(d) = -c(d) + 4*g(d). Determine q(x).
1
Let c(j) = j + 6. Suppose -20 = 5*g - 2*y + 15, 3*y - 25 = 2*g. Let s be 54/30*3*g/3. Determine c(s).
-3
Let v(y) be the first derivative of y**4/4 - 5*y**3/3 + y**2 + 2*y + 5. Let k be v(4). Let m(s) be the first derivative of -s**2 - 9*s + 45. What is m(k)?
3
Suppose -209*k - 4*k = 0. Let u(m) be the third derivative of k + 1/3*m**3 + 1/24*m**4 + 45*m**2 + 0*m. What is u(-3)?
-1
Suppose 4*j - 3*j = 19. Let x(a) = 0*a**2 - 20*a + 7 - a**2 - j*a + 35*a. Calculate x(-5).
2
Let t be 560/(-308)*11 + 1 + -11. Let l(o) = -7*o - 194. Give l(t).
16
Suppose 17*s + 7*s - 159 = 33. Let h(f) = -f + 12. What is h(s)?
4
Let m(a) = -3*a + 11. Let p(l) = -l + 6. Let v(h) = 2*m(h) - 5*p(h). Let f = -4859 + 4849. Determine v(f).
2
Let s(m) = m**2 + 5. Let d be s(0). Let t(a) = -5 + 6 - 5*a - 3*a + 2*a + 4. Give t(d).
-25
Let b(l) = 18*l + 6. Suppose 2*k + 4*k - 497 = -491. Calculate b(k).
24
Let i(s) be the second derivative of -s**5/20 + 11*s**4/12 + 11*s**3/6 - 8*s**2 + 5135*s. Give i(12).
-28
Let o(p) be the third derivative of -1/6*p**3 - 11/60*p**5 + 8*p**2 + 0 - 6*p - 1/12*p**4. Suppose 4*s - 2 = 6*s. Calculate o(s).
-10
Let j(a) = 3*a + 9*a**2 - 2 - 4*a**2 + a**3 + 3. Let n = 1671 + -1675. Calculate j(n).
5
Let v(m) = -6*m**3 - 3*m**2 - 6*m - 4. Let d = -5089 - -5088. What is v(d)?
5
Let j(b) = b - 3. Let c(p) = 1. Let g = 213 + -211. Let o(i) = g*c(i) + j(i). Give o(3).
2
Let x(w) = -43*w - 172. Let g be x(-4). Let b be 5/(-20)*(-3 + g - 1). Let m(p) = 33*p**3 - p + 1. Calculate m(b).
33
Let t(v) = -2*v + 525 - 276 - 283. Determine t(16).
-66
Let y(v) = -4 - v + 2 + 0. Let n(j) = j**2 - 6*j + 7. Let h be n(5). Let i be 6*h*(20/(-8))/5. Determine y(i).
4
Let x(d) be the first derivative of -5*d**3/3 + 3*d + 5532. What is x(-2)?
-17
Let l(k) be the third derivative of -k**5/60 - k**4/2 - 17*k**3/3 + 906*k**2. Calculate l(-5).
1
Let o(m) = -8 - 21*m + 25*m - 15*m - 636*m**2 + 638*m**2. Suppose -3 = n - 11. Determine o(n).
32
Let o(d) = 2*d - 6. Let t = -4559 - -4565. What is o(t)?
6
Let a(b) = 2*b**2 + 15*b + 12. Let n(p) = -4*p + p**2 + 54*p - 38*p + 12. Let z(q) = -2*a(q) + 3*n(q). Calculate z(7).
5
Let p(o) be the second derivative of -o**4/12 - 2*o**3/3 - 7*o**2/2 + o - 4. Let a be -6 - (1 - -1) - (-6 + 4). What is p(a)?
-19
